ivative of -1/120*d**5 + 0*d + 0 - 1/24*d**4 + 10*d**2 - 1/3*d**3. Let f(k) be the first derivative of l(k). Calculate f(1).
-2
Let b(s) = 11*s**3 - s**2 - s. Let y(c) = c**2 - 2. Let q be y(-3). Suppose 4*i = 2*n - q - 1, -6 = -2*i - 4*n. What is b(i)?
-11
Let l(r) = r**3 - 6*r**2 + 6*r - 6. Let v be l(5). Let y be 3/v - (-1 + -1). Let i(q) = -4*q**2 - 1. What is i(y)?
-5
Let m(y) be the first derivative of -y**4/4 - 10*y**3/3 + 10*y - 288. Calculate m(-10).
10
Let y(c) be the first derivative of -1/3*c**3 + 4*c**2 - 5*c - 8. What is y(6)?
7
Let i = 242 + -249. Let x(t) = 5*t + 24. Determine x(i).
-11
Let w(h) be the third derivative of h**6/120 + h**5/30 + h**4/12 - h**3/2 - 2*h**2 - 159. Determine w(-3).
-18
Let o(i) be the first derivative of 1/2*i**2 + 11 + 5*i. Calculate o(-10).
-5
Let b be 50/18 - (-4)/18 - 1. Let l(q) = -4 + 13 - 8 + 5*q**b - q. Calculate l(1).
5
Let f(w) = 3*w**3 - 5*w**2 - 2*w + 9. Let c(u) = 2*u**3 - 5*u**2 - 2*u + 8. Let b be 6/8*(3 + 2 + -1). Let r(y) = b*f(y) - 4*c(y). Calculate r(-4).
3
Let q(o) = -o**2 - 2*o + 5. Suppose -46 = -k - 43. Suppose -k*s - 15 = 5*f, -f - 3*s = -6 - 3. Give q(f).
-19
Let s(b) = b**2 + 23*b + 49. Let o be s(-20). Let v(z) = z**3 + 12*z**2 + 13*z - 1. What is v(o)?
-23
Suppose -18*v - 128 = -2*v. Let y(t) = -7*t - 54. Calculate y(v).
2
Let g(o) = -4*o - 5. Let j = -42 + 21. Let s = 17 + j. What is g(s)?
11
Let y(g) = -2*g + 1. Suppose 298*o = 294*o + 8. Let f(a) be the first derivative of -a**3/3 + a - 1. Let n be f(o). Give y(n).
7
Let q = -8 + 8. Let v(b) be the first derivative of b**4/12 + b**3/6 - 2*b**2 + 12*b + 8. Let w(n) be the first derivative of v(n). What is w(q)?
-4
Suppose -1167*t + 1 = -1168*t. Let a(d) = 42*d**2 + 2*d + 1. Give a(t).
41
Let v(z) = 5*z**2 + z + 3. Let l(a) = -1. Let j(g) = -5*l(g) - v(g). Determine j(2).
-20
Let o(u) = 0*u**2 - u - u**2 + 0*u**2 - 2. Let l(r) = -3*r - 1. Let v be l(1). What is o(v)?
-14
Let m(l) = -l**3 - 13*l**2 - 20*l + 19. Let u be m(-11). Let x(a) = 1 + a**2 + 3*a + a + 2*a**2. Give x(u).
16
Let m(t) = -3*t**3 + 3*t**2 + t - 4. Let o(u) = -16*u**3 + 16*u**2 + 6*u - 21. Let i(g) = -11*m(g) + 2*o(g). Let a be ((-4)/(-5))/(22/(-55)). Calculate i(a).
-12
Let y = 5 + 34. Let o = 37 - y. Let f(g) = 2*g**3 + 2*g**2 - g - 2. Determine f(o).
-8
Let a(w) be the second derivative of -w**5/20 - w**4/3 - w**3/2 + w. Let j(s) = 3*s**2 - 38*s - 16. Let v be j(13). Give a(v).
0
Let y(p) be the second derivative of p**4/12 - p**3/2 + 3*p**2 - 149*p. Give y(2).
4
Let c(g) = -4*g + 5. Let o(t) be the second derivative of t**4/12 - t**3 + 5*t**2/2 + 3*t. Let k be o(6). Give c(k).
-15
Suppose -2*o + o + 5*b = -10, o + 3*b = -6. Let y be (-16)/(-2) + 0 + -3. Suppose -4*w + y*w - 1 = o. Let m(u) = 8*u. Calculate m(w).
8
Let p(o) = -o**3 - 15*o**2 + 16*o + 1. Let a be p(-16). Let j be -2*(5/10)/a. Let t(x) = 7*x + 1. Determine t(j).
-6
Let c(q) = -q**2 - 4*q + 4. Let y be c(-4). Let d(k) = 4 + 20*k**2 - y + k**3 - 19*k**2. Determine d(-2).
-4
Let c(h) = -3*h - 6*h - 6*h + 9 + 14*h. Let b(g) = g**3 + 5*g**2 - 6*g + 7. Let z be b(-6). Give c(z).
2
Let w be 4 - (-12)/((-3)/(-1)). Let g be w/24 + 5/3. Suppose 3*t = -3*n - 9, g*t + 2 + 6 = -n. Let s(k) = -k**3 - 4*k + 3. Give s(n).
-13
Let s(d) = 3*d + 5*d**2 + 4 - 2*d - 14*d. Let f(v) = -4*v**2 + 12*v - 5. Let c(t) = 4*f(t) + 3*s(t). Suppose 0 = 9*w + 67*w - 456. What is c(w)?
10
Let y be ((-6)/15)/((-18)/(-10) - 2). Suppose -3*c - 3 = -5*p + 2*p, 2*c + y*p - 18 = 0. Let t(b) = -2*b + 6. Calculate t(c).
-2
Suppose -3*g + 138 - 129 = 0. Let z(k) = -3*k**2 + 3*k + 4. Calculate z(g).
-14
Let c(s) = 131 - 3*s**3 - s**3 - 117 + 3*s**3 - 10*s**2. Calculate c(-10).
14
Let s(g) = -3*g**3 - 17*g**2 + 17*g + 40. Let i(v) = -2*v**3 + v**2 - 1. Let q(o) = 2*i(o) - s(o). What is q(18)?
-24
Let u(c) = 6 - 6*c**3 + 0 - 3*c**2 + 29*c**3 - 22*c**3 - 2*c**2 - 3*c. What is u(3)?
-21
Let b(x) = -x**3 - 19*x**2 + x + 22. Let w = -448 - -429. What is b(w)?
3
Let r(u) = -u**3 - 4*u - 2. Let p(y) = 5*y**3 - 3*y**2 + 7*y + 17. Let x(t) = -p(t) - 4*r(t). Calculate x(6).
-63
Let z be (4/5)/((-8)/(-140)). Let v = -20 + z. Let g(n) = -n**2 - 6*n - 7. Give g(v).
-7
Let v = 1 + -4. Let j be (-5)/(-5)*(0 - v). Let r(n) = -6 - 2*n**2 + 2 + 4*n - j*n**2 + 4*n**2. What is r(5)?
-9
Suppose -2*l = l + 15. Let i(o) = -o**2 + o - 4. Let s(w) = -4*w - 2*w**2 + 4*w**2 + 3*w + 8. Let h(k) = 11*i(k) + 6*s(k). Calculate h(l).
4
Let y(u) = 3*u**3 + 5*u**2 + 2*u + 3. Let j(r) = 10*r**3 + 16*r**2 + 6*r + 11. Let c(x) = -2*j(x) + 7*y(x). Calculate c(-3).
-7
Let y(n) = -n**3 + 4*n**2 + n + 4. Suppose -4*z = 2*g - 4*g + 396, 3*z + 4*g = -308. Let m be (-36)/(-234) - z/26. Give y(m).
8
Let v(c) = -c**2 - 5*c - 4. Let f be (-18)/2 + -32 + 36. What is v(f)?
-4
Let b(s) = s**2 - 2*s - 1. Let w be (8 - 14)/12*-2. Calculate b(w).
-2
Let t be (-3 + 3 + 2 - 872)*-1. Let s(n) = 870 - t - n. Determine s(1).
-1
Let n be (-4)/(-26) + 200/52. Let l(v) = 5*v**3 + v**2 - 7*v - 3. Let g(u) = 6*u**3 + 2*u**2 - 8*u - 3. Let x(f) = 4*g(f) - 5*l(f). Give x(n).
-1
Let o(d) be the second derivative of -d**5/20 + 19*d**4/12 + 3*d**2 + d - 41. What is o(19)?
6
Let h(u) = 2*u**2 + 3*u + 3. Let n(w) = -2*w**2 + 4. Let c be n(-4). Let s be (1/(-2))/(3 + 77/c). Determine h(s).
5
Let r(f) = f**3 + 30*f**2 + 226*f + 32. Let t be r(-16). Let b(w) = 0*w**2 + w + 3 - 2*w**2 + w**2. What is b(t)?
3
Let u = 58 - 58. Let x(h) = -4 + 10 - 5 + u*h**2 - h + 5*h**2 - h**3. What is x(5)?
-4
Let r(w) = -w**2 + w - 4. Suppose -5*h = 2*n - 9, -h = -n + 4*n - 7. Suppose 3*u + 3*d + 9 = 0, -u - 12 = n*u + 4*d. Calculate r(u).
-4
Let w(k) be the first derivative of k**4/4 + 7*k**3/3 + 3*k**2/2 - 8*k - 201. Let i = -10 + 4. Determine w(i).
10
Let w(h) = -h**3 + 23*h**2 + 22*h - 8. Let a(y) = y**3 - 25*y**2 - 23*y + 11. Let z(s) = 2*a(s) + 3*w(s). What is z(20)?
-2
Let q(v) = -v**2 - 7*v - 7. Let d be q(-7). Let n(m) = 32*m**3 + 8*m - 18*m**3 - 13*m**3 - 1 + 8*m**2. What is n(d)?
-8
Suppose -4*y + 212 = 80. Suppose 0 = -2*r - r + y. Suppose 4*b - 13 = r. Let n(g) = -g + 2. Calculate n(b).
-4
Let v(r) = r**3 - 11*r**2 + 18*r - 11. Let b be v(9). Let u(z) = z**2 + 12*z + 14. Give u(b).
3
Let j(o) = -o**3 + o**2 + 3*o + 4. Let s = -206 - -74. Let i = s + 135. Calculate j(i).
-5
Suppose 0 = -2*a + 8, -2*w - 4 = -4*a + 26. Let l(q) = -q - 1. Let d(s) = -4*s - 11. Let h(u) = -d(u) + 3*l(u). Let f be h(w). Let v(x) = 6*x + 1. What is v(f)?
7
Let t = -2 - -9. Let l = -8 + 10. Let b be (-3)/(-21)*l*t. Let h(n) = -n**3 - n**2 + 2*n + 1. Calculate h(b).
-7
Let j(q) = -q + 8*q**2 + q**2 + 0*q**2. Suppose 3*n - 8 = 2*b, 5*b = -0*n - n - 3. Suppose 8*z - n*c = 3*z + 3, c - 5 = -4*z. Calculate j(z).
8
Let r(v) = 21*v - 66. Let k(n) = 7*n - 26. Let w(i) = 8*k(i) - 3*r(i). Determine w(-8).
46
Let u(p) = 7*p + 2*p - p**2 - 5 - 3*p. Let n = -8486 - -8492. Give u(n).
-5
Let r(t) = 0 + 0*t + 2*t + 5. Let i = -2082 + 2077. Determine r(i).
-5
Let l(a) = -6*a**3 - a**2 + 3*a + 3. Suppose 366*d - 367*d - 2 = 0. Determine l(d).
41
Let r(c) be the second derivative of 7*c**3/3 + c**2/2 - c. Let k = -18 - -16. Let z be (-1)/k*-2*(7 - 6). Give r(z).
-13
Let z(g) = g - 3. Let y be z(6). Let c(n) = 2 - 8*n + 0*n**y + n**3 - 3*n**2 + 1. Suppose 0 = 2*s + 9 - 19. What is c(s)?
13
Let x = 27 + -28. Let l = -15 - -22. Let r(a) = 16*a + 10. Let g(d) = 5*d + 3. Let u(k) = l*g(k) - 2*r(k). Calculate u(x).
-2
Suppose -2*m - 3 = -7. Suppose m*l = -2*z + 32, 4*z + 2*l - 74 = -z. Suppose -3*i - 2 = -z. Let f(c) = c**3 - 4*c**2 - 5. Determine f(i).
-5
Let i(t) = -6*t + 1. Suppose -2*l = 2*n + 3*l + 24, -108 = 4*n - 5*l. Let q = n - -25. Give i(q).
-17
Let a(y) = y**3 - 3*y**2 - 6*y + 2. Let s = -11 + 9. Let t be s + 4 + -5 + 7. Calculate a(t).
-6
Let b(h) be the first derivative of -3/2*h**2 + 2/3*h**3 + 3*h - 3. Suppose 6*s - 6 = 3*s. Give b(s).
5
Suppose z - 23 = -2*i + 4*z, 5*i + 3*z - 5 = 0. Let p(q) = -15 + 2*q + 7 + 3. Calculate p(i).
3
Let c(s) = 3*s**2 - 2*s - 3. Let z be c(-1). Let l(d) be the third derivative of -1/60*d**5 - 1/6*d**3 + 1/12*d**4 - z*d**2 + 0*d + 0. Determine l(-2).
-9
Let k(m) = 213 + 0*m - m + 212 - 431. Suppose v + 3*v = 20. Give k(v).
-11
Let n(u) = -84*u - 50*u - 12 + 133*u. Calculate n(-3).
-9
Let j be (-1 - -3)*(-